70
What is -1b (base 12) in base 8?
-27
What is 362 (base 7) in base 2?
10111111
Convert 26 (base 8) to base 11.
20
What is -26 (base 9) in base 16?
-18
Convert c (base 13) to base 14.
c
-17 (base 13) to base 5
-40
-8 (base 11) to base 3
-22
Convert -100 (base 8) to base 13.
-4c
Convert 68 (base 9) to base 11.
57
Convert -14 (base 10) to base 5.
-24
What is 1 (base 8) in base 2?
1
1000 (base 3) to base 14
1d
Convert -29 (base 14) to base 4.
-211
Convert 111 (base 2) to base 11.
7
1130 (base 5) to base 10
165
-4 (base 14) to base 12
-4
What is a (base 11) in base 16?
a
Convert -25 (base 10) to base 4.
-121
2d (base 14) to base 8
51
3 (base 16) to base 9
3
What is e8 (base 16) in base 6?
1024
Convert 204 (base 5) to base 13.
42
What is -8 (base 11) in base 13?
-8
Convert -2 (base 9) to base 6.
-2
8 (base 13) to base 2
1000
Convert -21 (base 5) to base 12.
-b
What is -7 (base 9) in base 11?
-7
Convert 298 (base 10) to base 14.
174
What is 20 (base 6) in base 13?
c
30 (base 15) to base 3
1200
What is 11 (base 11) in base 16?
c
120 (base 3) to base 9
16
Convert 41 (base 8) to base 13.
27
6 (base 7) to base 12
6
What is -6 (base 12) in base 9?
-6
What is 2 (base 4) in base 9?
2
Convert 2 (base 9) to base 4.
2
Convert -287 (base 9) to base 14.
-133
Convert -10 (base 14) to base 10.
-14
What is 0 (base 12) in base 5?
0
What is 6 (base 13) in base 14?
6
What is 34 (base 8) in base 13?
22
Convert 17 (base 15) to base 10.
22
What is -3 (base 16) in base 4?
-3
What is 6 (base 7) in base 2?
110
Convert 34 (base 8) to base 3.
1001
Convert -2 (base 11) to base 4.
-2
Convert 1 (base 2) to base 8.
1
71 (base 9) to base 13
4c
Convert 10111111 (base 2) to base 3.
21002
Convert -48 (base 12) to base 8.
-70
What is 111 (base 4) in base 12?
19
Convert -11 (base 7) to base 8.
-10
Convert 3 (base 16) to base 13.
3
-2 (base 7) to base 5
-2
Convert -243 (base 8) to base 4.
-2203
-4f (base 16) to base 9
-87
Convert -21 (base 3) to base 2.
-111
What is -18 (base 12) in base 13?
-17
Convert 7 (base 13) to base 6.
11
What is 55 (base 7) in base 13?
31
What is 10 (base 8) in base 2?
1000
What is -1 (base 7) in base 15?
-1
Convert 146 (base 8) to base 4.
1212
Convert 2 (base 12) to base 13.
2
What is 3 (base 15) in base 16?
3
22 (base 3) to base 10
8
-22011 (base 3) to base 14
-11a
Convert -1 (base 8) to base 5.
-1
What is 102 (base 5) in base 12?
23
Convert 11 (base 13) to base 8.
16
Convert -5 (base 13) to base 16.
-5
What is -2 (base 5) in base 4?
-2
Convert -10 (base 2) to base 7.
-2
3 (base 14) to base 10
3
16 (base 8) to base 10
14
What is 3 (base 12) in base 2?
11
Convert 22 (base 15) to base 10.
32
-8 (base 14) to base 12
-8
1e (base 16) to base 11
28
0 (base 8) to base 5
0
-20120 (base 3) to base 12
-129
What is 2 (base 9) in base 11?
2
What is -44 (base 16) in base 10?
-68
Convert 1102 (base 4) to base 9.
101
Convert -160 (base 14) to base 10.
-280
What is -1 (base 3) in base 10?
-1
What is 20 (base 15) in base 16?
1e
Convert 3 (base 11) to base 16.
3
What is 10111110 (base 2) in base 8?
276
What is 1 (base 15) in base 3?
1
10 (base 14) to base 10
14
Convert -8 (base 10) to base 15.
-8
Convert 14 (base 9) to base 13.
10
What is 15 (base 10) in base 12?
13
Convert 13 (base 11) to base 15.
e
Convert -124 (base 12) to base 11.
-147
Convert 3 (base 6) to base 2.
11
83 (base 12) to base 14
71
-3 (base 4) to base 13
-3
What is 2 (base 13) in base 5?
2
4 (base 11) to base 10
4
Convert 54 (base 11) to base 12.
4b
What is 20 (base 6) in base 7?
15
10200 (base 3) to base 15
69
Convert 2 (base 15) to base 9.
2
Convert 2 (base 6) to base 9.
2
-24 (base 6) to base 2
-10000
-100 (base 2) to base 10
-4
What is 7 (base 10) in base 4?
13
-1 (base 9) to base 16
-1
-7 (base 16) to base 6
-11
Convert 3 (base 14) to base 15.
3
What is 1 (base 8) in base 6?
1
Convert -32 (base 7) to base 11.
-21
Convert -7 (base 8) to base 13.
-7
What is -4 (base 12) in base 10?
-4
What is 12 (base 5) in base 11?
7
Convert -3 (base 8) to base 12.
-3
Convert 7 (base 16) to base 6.
11
What is 31 (base 5) in base 4?
100
4 (base 9) to base 7
4
Convert 4 (base 15) to base 2.
100
Convert -434 (base 5) to base 12.
-9b
-6 (base 14) to base 9
-6
6 (base 9) to base 8
6
What is 2b (base 13) in base 7?
52
What is -120 (base 3) in base 11?
-14
What is -64 (base 7) in base 11?
-42
1 (base 12) to base 15
1
5b (base 13) to base 3
2211
-210 (base 4) to base 6
-100
What is -4 (base 15) in base 3?
-11
Convert 2 (base 13) to base 8.
2
Convert -30 (base 12) to base 14.
-28
What is 9 (base 16) in base 12?
9
Convert 2 (base 16) to base 2.
10
What is -3 (base 5) in base 7?
-3
Convert 0 (base 4) to base 9.
0
What is 101001 (base 2) in base 15?
2b
4 (base 14) to base 2
100
What is -22 (base 9) in base 11?
-19
-5a (base 11) to base 7
-122
Convert -10 (base 3) to base 12.
-3
Convert 22 (base 4) to base 7.
13
Convert -e (base 15) to base 7.
-20
Convert 21 (base 14) to base 9.
32
Convert -561 (base 8) to base 6.
-1413
What is -111001 (base 2) in base 7?
-111
Convert -3000 (base 4) to base 13.
-11a
Convert -3 (base 14) to base 5.
-3
Convert 120 (base 8) to base 9.
88
d (base 16) to base 3
111
What is -10 (base 15) in base 14?
-11
Convert 13 (base 13) to base 2.
10000
Convert 3 (base 8) to base 16.
3
-345 (base 7) to base 12
-130
What is -20 (base 3) in base 4?
-12
What is -2 (base 3) in base 9?
-2
Convert a (base 11) to base 10.
10
What is 64 (base 14) in base 9?
107
Convert -40 (base 12) to base 11.
-44
What is -6 (base 9) in base 5?
-11
-2 (base 10) to base 7
-2
-4 (base 9) to base 3
-11
What is -2b (base 12) in base 9?
-38
Convert -212 (base 3) to base 15.
-18
What is 21 (base 3) in base 6?
11
What is -23 (base 11) in base 16?
-19
What is -26 (base 8) in base 14?
-18
Convert -22 (base 7) to base 15.
-11
What is 27 (base 16) in base 5?
124
-10 (base 15) to base 5
-30
Convert -111 (base 2) to base 10.
-7
What is 9 (base 10) in base 8?
11
Convert 37 (base 14) to base 7.
100
What is -dd (base 15) in base 3?
-21201
Convert -1b (base 14) to base 4.
-121
Convert -113 (base 4) to base 10.
-23
13 (base 4) to base 6
11
Convert -29 (base 10) to base 12.
-25
Convert 202 (base 4) to base 10.
34
Convert 202 (base 4) to base 7.
46
25 (base 11) to base 3
1000
-4 (base 15) to base 5
-4
10 (base 7) to base 11
7
What is -1b (base 16) in base 6?
-43
-17 (base 11) to base 13
-15
What is -20 (base 6) in base 11?
-11
110 (base 2) to base 11
6
-22 (base 14) to base 3
-1010
147 (base 10) to base 7
300
What is 416 (base 8) in base 12?
1a6
26 (base 10) to base 13
20
What is -11 (base 6) in base 4?
-13
12 (base 15) to base 2
10001
What is -6 (base 8) in base 13?
-6
What is -3 (base 13) in base 14?
-3
What is 1 (base 16) in base 8?
1
-26 (base 8) to base 10
-22
-10110 (base 2) to base 12
-1a
What is -30 (base 10) in base 2?
-11110
What is -64 (base 8) in base 14?
-3a
Convert 100 (base 12) to base 5.
1034
Convert 404 (base 5) to base 14.
76
Convert 34 (base 14) to base 12.
3a
Convert -22 (base 8) to base 6.
-30
2 (base 6) to base 8
2
What is 3 (base 7) in base 15?
3
Convert -a8 (base 11) to base 5.
-433
a (base 11) to base 10
10
Convert 7 (base 12) to base 9.
7
What is 15 (base 11) in base 2?
10000
Convert 7 (base 11) to base 13.
7
-77 (base 8) to base 15
-43
Convert -35 (base 7) to base 8.
-32
5 (base 10) to base 4
11
Convert -2 (base 14) to base 10.
-2
What is 30 (base 5) in base 16?
f
-2 (base 11) to base 4
-2
Convert 1 (base 8) to base 10.
1
2002 (base 3) to base 14
40
Convert -19 (base 15) to base 9.
-26
Convert -110001 (base 2) to base 12.
-41
What is 3b (base 16) in base 6?
135
-2b (base 16) to base 10
-43
What is -10 (base 2) in base 6?
-2
Convert -63 (base 10) to base 4.
-333
What is 6 (base 15) in base 14?
6
What is 53 (base 7) in base 15?
28
What is 8 (base 16) in base 3?
22
Convert 2 (base 8) to base 14.
2
Convert -10 (base 5) to base 14.
-5
What is 1 (base 13) in base 15?
1
Convert -22 (base 4) to base 3.
-101
1121 (base 3) to base 9
47
What is 1b (base 16) in base 7?
36
Convert -1c (base 13) to base 15.
-1a
What is -101 (base 2) in base 12?
-5
What is -344 (base 11) in base 10?
-411
Convert 2 (base 6) to base 7.
2
What is -111 (base 2) in base 15?
-7
Convert 2 (base 12) to base 2.
10
-10 (base 4) to base 12
-4
157 (base 8) to base 6
303
Conv